prime factors of 183819.
3, 71, 863
List the prime factors of 31697139.
3, 1229, 8597
List the prime factors of 78561.
3, 7, 29, 43
List the prime factors of 147340.
2, 5, 53, 139
What are the prime factors of 104962?
2, 11, 13, 367
What are the prime factors of 117054?
2, 3, 7, 929
List the prime factors of 924637.
7, 31, 4261
List the prime factors of 6416135.
5, 11, 116657
List the prime factors of 2562534.
2, 3, 13, 47, 233
What are the prime factors of 4171333?
157, 163
List the prime factors of 281169.
3, 7, 4463
What are the prime factors of 257755?
5, 51551
List the prime factors of 494918.
2, 131, 1889
List the prime factors of 13532150.
2, 5, 241, 1123
What are the prime factors of 86442?
2, 3, 14407
What are the prime factors of 232645?
5, 7, 17, 23
List the prime factors of 235351.
59, 3989
List the prime factors of 70992.
2, 3, 17, 29
What are the prime factors of 13375640?
2, 5, 127, 2633
What are the prime factors of 5191625?
5, 41, 1013
What are the prime factors of 492358?
2, 173, 1423
List the prime factors of 6224649.
3, 1039, 1997
List the prime factors of 2488740.
2, 3, 5, 41479
List the prime factors of 375455.
5, 61, 1231
List the prime factors of 569056.
2, 17783
What are the prime factors of 564598?
2, 282299
List the prime factors of 157177.
157177
List the prime factors of 70260.
2, 3, 5, 1171
List the prime factors of 1443110.
2, 5, 144311
What are the prime factors of 749339?
749339
List the prime factors of 239568.
2, 3, 7, 23, 31
List the prime factors of 1544200.
2, 5, 7, 1103
What are the prime factors of 4085391?
3, 479, 2843
What are the prime factors of 641825?
5, 25673
List the prime factors of 436330.
2, 5, 43633
What are the prime factors of 59208?
2, 3, 2467
List the prime factors of 407181.
3, 135727
List the prime factors of 1164453.
3, 19, 31, 659
What are the prime factors of 50182?
2, 11, 2281
List the prime factors of 6188099.
499, 12401
What are the prime factors of 840780?
2, 3, 5, 173
What are the prime factors of 43564?
2, 10891
What are the prime factors of 356270?
2, 5, 23, 1549
What are the prime factors of 75901?
7, 1549
List the prime factors of 4233819.
3, 89, 101, 157
What are the prime factors of 231918?
2, 3, 38653
List the prime factors of 842758.
2, 7, 17, 3541
List the prime factors of 6031226.
2, 17, 179, 991
List the prime factors of 2904964.
2, 691, 1051
List the prime factors of 2499472.
2, 156217
What are the prime factors of 217515?
3, 5, 17, 853
What are the prime factors of 357278?
2, 178639
List the prime factors of 3859315.
5, 771863
List the prime factors of 643607.
751, 857
What are the prime factors of 5407196?
2, 1351799
What are the prime factors of 157925?
5, 6317
List the prime factors of 3014587.
23, 53, 2473
What are the prime factors of 124814?
2, 17, 3671
List the prime factors of 615406.
2, 11, 2543
What are the prime factors of 70159?
17, 4127
What are the prime factors of 2082755?
5, 17, 107, 229
List the prime factors of 572743.
151, 3793
List the prime factors of 245207.
73, 3359
List the prime factors of 1475274.
2, 3, 19, 12941
List the prime factors of 1409550.
2, 3, 5, 9397
List the prime factors of 1170647.
19, 61613
What are the prime factors of 17207212?
2, 11, 391073
List the prime factors of 1979038.
2, 17, 58207
List the prime factors of 1318549.
1318549
What are the prime factors of 58761?
3, 6529
List the prime factors of 4473646.
2, 2236823
What are the prime factors of 4130612?
2, 659, 1567
What are the prime factors of 145818?
2, 3, 8101
What are the prime factors of 12712667?
11, 1155697
What are the prime factors of 178176?
2, 3, 29
List the prime factors of 2231355.
3, 5, 7, 79, 269
List the prime factors of 7521523.
541, 13903
What are the prime factors of 1420828?
2, 593, 599
What are the prime factors of 22695255?
3, 5, 11, 17, 29, 31
What are the prime factors of 12475754?
2, 6237877
What are the prime factors of 5787155?
5, 11, 43, 2447
List the prime factors of 512627.
109, 4703
What are the prime factors of 3708020?
2, 5, 185401
List the prime factors of 178967.
191, 937
What are the prime factors of 9959795?
5, 1991959
What are the prime factors of 11266781?
11266781
List the prime factors of 5907565.
5, 103, 11471
What are the prime factors of 109225?
5, 17, 257
What are the prime factors of 230351?
11, 43, 487
List the prime factors of 405059.
17, 23827
List the prime factors of 422510.
2, 5, 11, 23, 167
What are the prime factors of 6206685?
3, 5, 413779
What are the prime factors of 32751984?
2, 3, 682333
List the prime factors of 3135645.
3, 5, 23227
What are the prime factors of 91979?
19, 47, 103
What are the prime factors of 1790724?
2, 3, 13, 883
List the prime factors of 19927.
19927
List the prime factors of 4969207.
31, 157, 1021
What are the prime factors of 478604?
2, 7, 17093
List the prime factors of 3747922.
2, 17, 110233
List the prime factors of 628533.
3, 23279
List the prime factors of 1500415.
5, 7, 163, 263
What are the prime factors of 197664?
2, 3, 29, 71
What are the prime factors of 1284814?
2, 642407
List the prime factors of 6202331.
17, 397, 919
What are the prime factors of 1649266?
2, 41, 20113
What are the prime factors of 5202833?
17, 306049
List the prime factors of 1370979.
3, 50777
What are the prime factors of 104678?
2, 7, 7477
List the prime factors of 6827179.
73, 93523
List the prime factors of 3522237.
3, 1174079
What are the prime factors of 307271?
109, 2819
List the prime factors of 14482975.
5, 13, 44563
List the prime factors of 47845.
5, 7, 1367
What are the prime factors of 110947?
110947
What are the prime factors of 2083690?
2, 5, 7, 17, 103
What are the prime factors of 437201?
437201
What are the prime factors of 3175644?
2, 3, 264637
What are the prime factors of 1753693?
41, 42773
What are the prime factors of 103971?
3, 7, 4951
List the prime factors of 9693693.
3, 61, 17657
What are the prime factors of 3044771?
613, 4967
What are the prime factors of 1280776?
2, 7, 22871
List the prime factors of 2210885.
5, 442177
What are the prime factors of 697875?
3, 5, 1861
What are the prime factors of 2448116?
2, 11, 55639
List the prime factors of 33347326.
2, 743, 22441
List the prime factors of 256628.
2, 64157
List the prime factors of 755659.
383, 1973
What are the prime factors of 138328?
2, 17291
List the prime factors of 306541.
306541
List the prime factors of 1814054.
2, 11, 82457
List the prime factors of 259725.
3, 5, 3463
List the prime factors of 11026651.
569, 19379
List the prime factors of 135345.
3, 5, 7, 1289
What are the prime factors of 333947?
107, 3121
List the prime factors of 373096.
2, 149, 313
List the prime factors of 3217258.
2, 11, 146239
What are the prime factors of 2298957?
3, 691, 1109
What are the prime factors of 25405988?
2, 31, 204887
List the prime factors of 12169030.
2, 5, 1216903
What are the prime factors of 555925?
5, 37, 601
List the prime factors of 13539406.
2, 6769703
List the prime factors of 1264002.
2, 3, 293, 719
List the prime factors of 759559.
759559
What are the prime factors of 289655?
5, 19, 3049
List the prime factors of 901669.
23, 197, 199
What are the prime factors of 598336?
2, 9349
List the prime factors of 382163.
382163
What are the prime factors of 328385?
5, 65677
List the prime factors of 5901724.
2, 1475431
List the prime factors of 22656232.
2, 457, 6197
List the prime factors of 10977800.
2, 5, 131, 419
List the prime factors of 312185.
5, 29, 2153
List the prime factors of 18707628.
2, 3, 19, 82051
List the prime factors of 168349.
79, 2131
List the prime factors of 413442.
2, 3, 103, 223
What are the prime factors of 12126165?
3, 5, 433, 1867
List the prime factors of 19955121.
3, 6651707
List the prime factors of 748429.
11, 19, 3581
What are the prime factors of 2067736?
2, 11, 23497
What are the prime factors of 3276914?
2, 1123, 1459
What are the prime factors of 726672?
2, 3, 15139
List the prime factors of 523598.
2, 261799
List the prime factors of 12098079.
3, 7, 19, 1123
What are the prime factors of 6144427?
23, 311, 859
What are the prime factors of 5724949?
67, 85447
List the prime factors of 730031.
17, 42943
What are the prime factors of 1900380?
2, 3, 5, 19, 1667
List the prime factors of 1